







{"id":6657,"date":"2011-05-02T21:45:05","date_gmt":"2011-05-02T19:45:05","guid":{"rendered":"http:\/\/www.schlammdackel.de\/?page_id=6657"},"modified":"2018-12-13T06:06:43","modified_gmt":"2018-12-13T06:06:43","slug":"uber-mich","status":"publish","type":"page","link":"https:\/\/www.schlammdackel.de\/?page_id=6657","title":{"rendered":"\u00dcber mich"},"content":{"rendered":"<p align=\"justify\">Ich bin ein Food-Nerd. Morgens denke ich als erstes daran, was ich am Abend kochen kann und abends lese ich im Internet nach, was die anderen so gekocht haben. Ich bin immer auf der Suche nach neuen Rezepten und f\u00fchre eine riesige Lesezeichenliste mit Kategorien wie &#8222;K\u00f6nnte man mal machen&#8220;, &#8222;Bald machen&#8220; und &#8222;Nochmal machen&#8220;. Trotzdem wei\u00df ich manchmal nicht, was ich kochen soll.<\/p>\n","protected":false},"excerpt":{"rendered":"<p>Ich bin ein Food-Nerd. Morgens denke ich als erstes daran, was ich am Abend kochen kann und abends lese ich im Internet nach, was die anderen so gekocht haben. Ich bin immer auf der Suche nach neuen Rezepten und f\u00fchre eine riesige Lesezeichenliste mit Kategorien wie &#8222;K\u00f6nnte man mal machen&#8220;, &#8222;Bald machen&#8220; und &#8222;Nochmal machen&#8220;. &hellip; <\/p>\n<p class=\"link-more\"><a href=\"https:\/\/www.schlammdackel.de\/?page_id=6657\" class=\"more-link\"><span class=\"screen-reader-text\">\u201e\u00dcber mich\u201c<\/span> weiterlesen<\/a><\/p>\n","protected":false},"author":1,"featured_media":0,"parent":0,"menu_order":4,"comment_status":"closed","ping_status":"closed","template":"","meta":{"footnotes":""},"class_list":["post-6657","page","type-page","status-publish","hentry"],"_links":{"self":[{"href":"https:\/\/www.schlammdackel.de\/index.php?rest_route=\/wp\/v2\/pages\/6657","targetHints":{"allow":["GET"]}}],"collection":[{"href":"https:\/\/www.schlammdackel.de\/index.php?rest_route=\/wp\/v2\/pages"}],"about":[{"href":"https:\/\/www.schlammdackel.de\/index.php?rest_route=\/wp\/v2\/types\/page"}],"author":[{"embeddable":true,"href":"https:\/\/www.schlammdackel.de\/index.php?rest_route=\/wp\/v2\/users\/1"}],"replies":[{"embeddable":true,"href":"https:\/\/www.schlammdackel.de\/index.php?rest_route=%2Fwp%2Fv2%2Fcomments&post=6657"}],"version-history":[{"count":1,"href":"https:\/\/www.schlammdackel.de\/index.php?rest_route=\/wp\/v2\/pages\/6657\/revisions"}],"predecessor-version":[{"id":20051,"href":"https:\/\/www.schlammdackel.de\/index.php?rest_route=\/wp\/v2\/pages\/6657\/revisions\/20051"}],"wp:attachment":[{"href":"https:\/\/www.schlammdackel.de\/index.php?rest_route=%2Fwp%2Fv2%2Fmedia&parent=6657"}],"curies":[{"name":"wp","href":"https:\/\/api.w.org\/{rel}","templated":true}]}}